{"id":3,"date":"2023-09-18T09:43:30","date_gmt":"2023-09-18T07:43:30","guid":{"rendered":"https:\/\/www.denktaktik.at\/liebeg_dev\/?page_id=3"},"modified":"2024-02-26T15:12:13","modified_gmt":"2024-02-26T14:12:13","slug":"datenschutzerklaerung","status":"publish","type":"page","link":"https:\/\/www.denktaktik.at\/liebeg_dev\/datenschutzerklaerung\/","title":{"rendered":"Datenschutzerkl\u00e4rung"},"content":{"rendered":"\t\t<div data-elementor-type=\"wp-page\" data-elementor-id=\"3\" class=\"elementor elementor-3\" data-elementor-post-type=\"page\">\n\t\t\t\t<div class=\"elementor-element elementor-element-35ad3f04 e-flex e-con-boxed e-con e-parent\" data-id=\"35ad3f04\" data-element_type=\"container\" data-settings=\"{&quot;background_background&quot;:&quot;classic&quot;,&quot;content_width&quot;:&quot;boxed&quot;}\" data-core-v316-plus=\"true\">\n\t\t\t\t\t<div class=\"e-con-inner\">\n\t\t<div class=\"elementor-element elementor-element-738fb54d e-con-full e-flex e-con e-child\" data-id=\"738fb54d\" data-element_type=\"container\" data-settings=\"{&quot;content_width&quot;:&quot;full&quot;}\">\n\t\t\t\t<div class=\"elementor-element elementor-element-7a4a25e1 elementor-widget elementor-widget-heading\" data-id=\"7a4a25e1\" data-element_type=\"widget\" data-widget_type=\"heading.default\">\n\t\t\t\t<div class=\"elementor-widget-container\">\n\t\t\t<style>\/*! elementor - v3.19.0 - 07-02-2024 *\/\n.elementor-heading-title{padding:0;margin:0;line-height:1}.elementor-widget-heading .elementor-heading-title[class*=elementor-size-]>a{color:inherit;font-size:inherit;line-height:inherit}.elementor-widget-heading .elementor-heading-title.elementor-size-small{font-size:15px}.elementor-widget-heading .elementor-heading-title.elementor-size-medium{font-size:19px}.elementor-widget-heading .elementor-heading-title.elementor-size-large{font-size:29px}.elementor-widget-heading .elementor-heading-title.elementor-size-xl{font-size:39px}.elementor-widget-heading .elementor-heading-title.elementor-size-xxl{font-size:59px}<\/style><h2 class=\"elementor-heading-title elementor-size-default\">23.11.2023<\/h2>\t\t<\/div>\n\t\t\t\t<\/div>\n\t\t\t\t<div class=\"elementor-element elementor-element-55e43bd2 elementor-widget elementor-widget-text-editor\" data-id=\"55e43bd2\" data-element_type=\"widget\" data-widget_type=\"text-editor.default\">\n\t\t\t\t<div class=\"elementor-widget-container\">\n\t\t\t<style>\/*! elementor - v3.19.0 - 07-02-2024 *\/\n.elementor-widget-text-editor.elementor-drop-cap-view-stacked .elementor-drop-cap{background-color:#69727d;color:#fff}.elementor-widget-text-editor.elementor-drop-cap-view-framed .elementor-drop-cap{color:#69727d;border:3px solid;background-color:transparent}.elementor-widget-text-editor:not(.elementor-drop-cap-view-default) .elementor-drop-cap{margin-top:8px}.elementor-widget-text-editor:not(.elementor-drop-cap-view-default) .elementor-drop-cap-letter{width:1em;height:1em}.elementor-widget-text-editor .elementor-drop-cap{float:left;text-align:center;line-height:1;font-size:50px}.elementor-widget-text-editor .elementor-drop-cap-letter{display:inline-block}<\/style>\t\t\t\t<p>Datenschutzerkl\u00e4rung<\/p>\t\t\t\t\t\t<\/div>\n\t\t\t\t<\/div>\n\t\t\t\t<\/div>\n\t\t\t\t\t<\/div>\n\t\t\t\t<\/div>\n\t\t<div class=\"elementor-element elementor-element-7e9ce59 e-flex e-con-boxed e-con e-parent\" data-id=\"7e9ce59\" data-element_type=\"container\" data-settings=\"{&quot;content_width&quot;:&quot;boxed&quot;}\" data-core-v316-plus=\"true\">\n\t\t\t\t\t<div class=\"e-con-inner\">\n\t\t\t\t<div class=\"elementor-element elementor-element-513e8f4 elementor-widget elementor-widget-text-editor\" data-id=\"513e8f4\" data-element_type=\"widget\" data-widget_type=\"text-editor.default\">\n\t\t\t\t<div class=\"elementor-widget-container\">\n\t\t\t\t\t\t\t<p>Der Schutz Ihrer pers\u00f6nlichen Daten ist uns ein besonderes Anliegen. Wir verarbeiten Ihre Daten daher ausschlie\u00dflich auf Grundlage der gesetzlichen Bestimmungen (DSGVO, TKG 2003). In diesen Datenschutzinformationen informieren wir Sie \u00fcber die wichtigsten Aspekte der Datenverarbeitung im Rahmen unserer Website.<\/p>\n<h3>Kontakt mit uns<\/h3>\n<p>Wenn Sie per Formular auf der Website oder per E-Mail Kontakt mit uns aufnehmen, werden Ihre angegebenen Daten zwecks Bearbeitung der Anfrage und f\u00fcr den Fall von Anschlussfragen sechs Monate bei uns gespeichert. Diese Daten geben wir nicht ohne Ihre Einwilligung weiter.<\/p>\n<p>Die Daten Name, Anschrift, gekaufte Waren und Kaufdatum werden dar\u00fcber hinaus gehend bis zum Ablauf der Produkthaftung (10 Jahre) gespeichert. Die Datenverarbeitung erfolgt auf Basis der gesetzlichen Bestimmungen des \u00a7 96 Abs 3 TKG sowie des Art 6 Abs 1 lit a (Einwilligung) und\/oder lit b (notwendig zur Vertragserf\u00fcllung) der DSGVO.<\/p>\n<h3>Cookies<\/h3>\n<p>Unsere Website verwendet so genannte Cookies. Dabei handelt es sich um kleine Textdateien, die mit Hilfe des Browsers auf Ihrem Endger\u00e4t abgelegt werden. Sie richten keinen Schaden an.<\/p>\n<p>Wir nutzen Cookies dazu, unser Angebot nutzerfreundlich zu gestalten. Einige Cookies bleiben auf Ihrem Endger\u00e4t gespeichert, bis Sie diese l\u00f6schen. Sie erm\u00f6glichen es uns, Ihren Browser beim n\u00e4chsten Besuch wiederzuerkennen.<\/p>\n<p>Wenn Sie dies nicht w\u00fcnschen, so k\u00f6nnen Sie Ihren Browser so einrichten, dass er Sie \u00fcber das Setzen von Cookies informiert und Sie dies nur im Einzelfall erlauben.\u00a0<\/p>\n<p>Bei der Deaktivierung von Cookies kann die Funktionalit\u00e4t unserer Website eingeschr\u00e4nkt sein.<\/p>\n<p>\u00a0<\/p>\n<p>Zur Verwaltung der eingesetzten Cookies und \u00e4hnlichen Technologien (Tracking-Pixel, Web-Beacons etc.) und diesbez\u00fcglicher Einwilligungen setzen wir das Consent Tool &#8222;Real Cookie Banner&#8220; ein. Hier findest du Details zur Funktionsweise von &#8222;<a href=\"https:\/\/devowl.io\/de\/rcb\/datenverarbeitung\/\">Real Cookie Banner<\/a>&#8222;.<\/p>\n<p>Rechtsgrundlagen f\u00fcr die Verarbeitung von personenbezogenen Daten in diesem Zusammenhang sind Art. 6 Abs. 1 lit. c DS-GVO und Art. 6 Abs. 1 lit. f DS-GVO. Unser berechtigtes Interesse ist die Verwaltung der eingesetzten Cookies und \u00e4hnlichen Technologien und der diesbez\u00fcglichen Einwilligungen.<\/p>\n<p>Die Bereitstellung der personenbezogenen Daten ist weder vertraglich vorgeschrieben noch f\u00fcr den Abschluss eines Vertrages notwendig. Du bist nicht verpflichtet die personenbezogenen Daten bereitzustellen. Wenn du die personenbezogenen Daten nicht bereitstellst, k\u00f6nnen wir deine Einwilligungen nicht verwalten.<\/p>\n<h3>Web-Analyse \/ Google Analytics<\/h3>\n<p>Unsere Website verwendet Funktionen des Webanalysedienstes der Google Inc. (\u201eGoogle\u201c). Dazu werden Cookies verwendet, die eine Analyse der Benutzung der Website durch Ihre Benutzer erm\u00f6glicht. Die dadurch erzeugten Informationen werden auf den Server des Anbieters \u00fcbertragen und dort gespeichert.\u00a0<\/p>\n<p>Sie k\u00f6nnen dies verhindern, indem Sie Ihren Browser so einrichten, dass keine Cookies gespeichert werden.<\/p>\n<p>Wir haben mit dem Anbieter einen entsprechenden Vertrag zur Auftragsdatenverarbeitung abgeschlossen.<\/p>\n<p>Zu Zwecken des Marketings und der Optimierung werden auf dieser Website Produkte und Dienstleistungen der Sales-Suckers OG verwendet. Dabei werden Daten erhoben, verarbeitet und gespeichert, aus denen unter einem Pseudonym Nutzungsprofile erstellt werden. Wo m\u00f6glich und sinnvoll werden die Nutzungsprofile vollst\u00e4ndig anonymisiert. Hierzu k\u00f6nnen Cookies zum Einsatz kommen. Cookies sind kleine Textdateien, die im Internet-Browser des Besuchers gespeichert werden und zur Wiedererkennung des Internet-Browsers dienen. Die erhobenen Daten, die auch personenbezogene Daten beinhalten k\u00f6nnen, werden an Sales-Suckers \u00fcbermittelt oder direkt von Sales-Suckers erhoben. Sales-Suckers darf Informationen, die durch Besuche auf den Webseiten hinterlassen werden, nutzen um anonymisierte Nutzungsprofile zu erstellen. Die dabei gewonnenen Daten werden ohne die gesondert erteilte Zustimmung des Betroffenen nicht benutzt, um den Besucher dieser Website pers\u00f6nlich zu identifizieren und sie werden nicht mit personenbezogenen Daten \u00fcber den Tr\u00e4ger des Pseudonyms zusammengef\u00fchrt. Soweit IP-Adressen erhoben werden, werden diese unverz\u00fcglich nach Erhebung durch L\u00f6schen des letzten Nummernblocks anonymisiert. Der Datenerhebung, -verarbeitung und -speicherung kann jederzeit mit Wirkung f\u00fcr die Zukunft widersprochen werden.\u00a0<a>Tracking deaktivieren<\/a><\/p>\n<h3>Facebook Remarketing \/ Retargeting<\/h3>\n<p>Auf dieser Webseite sind Remarketing-Tags des sozialen Netzwerks Facebook, 1601 South California Avenue, Palo Alto, CA 94304, USA integriert. Beim Besuch dieser Seite, wird \u00fcber die Remarketing-Tags eine direkte Verbindung zwischen Ihrem Browser und dem Facebook-Server hergestellt. Facebook erh\u00e4lt dadurch die Information, dass Sie mit Ihrer IP-Adresse unsere Seite besucht haben. Dadurch kann Facebook den Besuch unserer Seiten Ihrem Benutzerkonto zuordnen. Die so erhaltenen Informationen k\u00f6nnen wir f\u00fcr die Anzeige von Facebook Ads nutzen. Wir weisen darauf hin, dass wir als Anbieter der Seiten keine Kenntnis vom Inhalt der \u00fcbermittelten Daten sowie deren Nutzung durch Facebook erhalten.\u00a0<\/p>\n<p>Weitere Informationen hierzu finden Sie in der\u00a0<a href=\"https:\/\/www.facebook.com\/about\/privacy\/\">Datenschutzerkl\u00e4rung von Facebook<\/a>. Falls Sie keine Datenerfassung via Custom Audience w\u00fcnschen, k\u00f6nnen Sie Custom Audiences hier\u00a0<a href=\"https:\/\/www.facebook.com\/settings\/?tab=ads\">deaktivieren<\/a>.<\/p>\n<h3>Ihre Rechte<\/h3>\n<p>Ihnen stehen grunds\u00e4tzlich die Rechte auf Auskunft, Berichtigung, L\u00f6schung, Einschr\u00e4nkung, Daten\u00fcbertragbarkeit, Widerruf und Widerspruch zu. Wenn Sie glauben, dass die Verarbeitung Ihrer Daten gegen das Datenschutzrecht verst\u00f6\u00dft oder Ihre datenschutzrechtlichen Anspr\u00fcche sonst in einer Weise verletzt worden sind, k\u00f6nnen Sie sich bei der Aufsichtsbeh\u00f6rde beschweren. In \u00d6sterreich ist dies die Datenschutzbeh\u00f6rde.<\/p>\n<h3>Kontakt<\/h3>\n<p>Sie erreichen uns unter folgenden Kontaktdaten:<\/p>\n<p>\u00a0<\/p>\n<div data-id=\"5a0a32b\" data-element_type=\"widget\" data-widget_type=\"text-editor.default\">\n<div>\n<p><strong>Liebeg innovateIT e.U.<\/strong><\/p>\n<\/div>\n<\/div>\n<div data-id=\"3f178ab\" data-element_type=\"widget\" data-widget_type=\"text-editor.default\">\n<div>\n<p>\u00a0+43 316 72 01 65\u00a0 \u00a0\u00a0<\/p>\n<p>office@liebeg.at\u00a0 \u00a0 \u00a0<\/p>\n<p>Karlauer G\u00fcrtel 1<\/p>\n<p>8020 Graz\u00a0<\/p>\n<p>\u00a0<\/p>\n<\/div>\n<\/div>\n<p>Stand: J\u00e4nner 2024<\/p>\t\t\t\t\t\t<\/div>\n\t\t\t\t<\/div>\n\t\t\t\t\t<\/div>\n\t\t\t\t<\/div>\n\t\t\t\t<\/div>\n\t\t","protected":false},"excerpt":{"rendered":"<p>23.11.2023 Datenschutzerkl\u00e4rung Der Schutz Ihrer pers\u00f6nlichen Daten ist uns ein besonderes Anliegen. Wir verarbeiten Ihre Daten daher ausschlie\u00dflich auf Grundlage der gesetzlichen Bestimmungen (DSGVO, TKG 2003). In diesen Datenschutzinformationen informieren wir Sie \u00fcber die wichtigsten Aspekte der Datenverarbeitung im Rahmen unserer Website. Kontakt mit uns Wenn Sie per Formular auf der Website oder per E-Mail [&hellip;]<\/p>\n","protected":false},"author":1,"featured_media":0,"parent":0,"menu_order":0,"comment_status":"closed","ping_status":"closed","template":"","meta":{"footnotes":""},"class_list":["post-3","page","type-page","status-publish","hentry"],"yoast_head":"<!-- This site is optimized with the Yoast SEO plugin v22.1 - https:\/\/yoast.com\/wordpress\/plugins\/seo\/ -->\n<title>Datenschutzerkl\u00e4rung - www.liebeg.at<\/title>\n<meta name=\"robots\" content=\"index, follow, max-snippet:-1, max-image-preview:large, max-video-preview:-1\" \/>\n<link rel=\"canonical\" href=\"https:\/\/www.denktaktik.at\/liebeg_dev\/datenschutzerklaerung\/\" \/>\n<meta property=\"og:locale\" content=\"de_DE\" \/>\n<meta property=\"og:type\" content=\"article\" \/>\n<meta property=\"og:title\" content=\"Datenschutzerkl\u00e4rung - www.liebeg.at\" \/>\n<meta property=\"og:description\" content=\"23.11.2023 Datenschutzerkl\u00e4rung Der Schutz Ihrer pers\u00f6nlichen Daten ist uns ein besonderes Anliegen. Wir verarbeiten Ihre Daten daher ausschlie\u00dflich auf Grundlage der gesetzlichen Bestimmungen (DSGVO, TKG 2003). In diesen Datenschutzinformationen informieren wir Sie \u00fcber die wichtigsten Aspekte der Datenverarbeitung im Rahmen unserer Website. Kontakt mit uns Wenn Sie per Formular auf der Website oder per E-Mail [&hellip;]\" \/>\n<meta property=\"og:url\" content=\"https:\/\/www.denktaktik.at\/liebeg_dev\/datenschutzerklaerung\/\" \/>\n<meta property=\"og:site_name\" content=\"www.liebeg.at\" \/>\n<meta property=\"article:publisher\" content=\"https:\/\/www.facebook.com\/p\/Liebeg-innovate-IT-100060705684739\/\" \/>\n<meta property=\"article:modified_time\" content=\"2024-02-26T14:12:13+00:00\" \/>\n<meta name=\"twitter:card\" content=\"summary_large_image\" \/>\n<meta name=\"twitter:label1\" content=\"Gesch\u00e4tzte Lesezeit\" \/>\n\t<meta name=\"twitter:data1\" content=\"5\u00a0Minuten\" \/>\n<script type=\"application\/ld+json\" class=\"yoast-schema-graph\">{\"@context\":\"https:\/\/schema.org\",\"@graph\":[{\"@type\":\"WebPage\",\"@id\":\"https:\/\/www.denktaktik.at\/liebeg_dev\/datenschutzerklaerung\/\",\"url\":\"https:\/\/www.denktaktik.at\/liebeg_dev\/datenschutzerklaerung\/\",\"name\":\"Datenschutzerkl\u00e4rung - www.liebeg.at\",\"isPartOf\":{\"@id\":\"https:\/\/www.denktaktik.at\/liebeg_dev\/#website\"},\"datePublished\":\"2023-09-18T07:43:30+00:00\",\"dateModified\":\"2024-02-26T14:12:13+00:00\",\"breadcrumb\":{\"@id\":\"https:\/\/www.denktaktik.at\/liebeg_dev\/datenschutzerklaerung\/#breadcrumb\"},\"inLanguage\":\"de\",\"potentialAction\":[{\"@type\":\"ReadAction\",\"target\":[\"https:\/\/www.denktaktik.at\/liebeg_dev\/datenschutzerklaerung\/\"]}]},{\"@type\":\"BreadcrumbList\",\"@id\":\"https:\/\/www.denktaktik.at\/liebeg_dev\/datenschutzerklaerung\/#breadcrumb\",\"itemListElement\":[{\"@type\":\"ListItem\",\"position\":1,\"name\":\"Startseite\",\"item\":\"https:\/\/www.denktaktik.at\/liebeg_dev\/\"},{\"@type\":\"ListItem\",\"position\":2,\"name\":\"Datenschutzerkl\u00e4rung\"}]},{\"@type\":\"WebSite\",\"@id\":\"https:\/\/www.denktaktik.at\/liebeg_dev\/#website\",\"url\":\"https:\/\/www.denktaktik.at\/liebeg_dev\/\",\"name\":\"www.liebeg.at\",\"description\":\"innovateIT\",\"publisher\":{\"@id\":\"https:\/\/www.denktaktik.at\/liebeg_dev\/#organization\"},\"potentialAction\":[{\"@type\":\"SearchAction\",\"target\":{\"@type\":\"EntryPoint\",\"urlTemplate\":\"https:\/\/www.denktaktik.at\/liebeg_dev\/?s={search_term_string}\"},\"query-input\":\"required name=search_term_string\"}],\"inLanguage\":\"de\"},{\"@type\":\"Organization\",\"@id\":\"https:\/\/www.denktaktik.at\/liebeg_dev\/#organization\",\"name\":\"www.liebeg.at\",\"url\":\"https:\/\/www.denktaktik.at\/liebeg_dev\/\",\"logo\":{\"@type\":\"ImageObject\",\"inLanguage\":\"de\",\"@id\":\"https:\/\/www.denktaktik.at\/liebeg_dev\/#\/schema\/logo\/image\/\",\"url\":\"https:\/\/www.denktaktik.at\/liebeg_dev\/wp-content\/uploads\/2023\/09\/logoliebeg.svg\",\"contentUrl\":\"https:\/\/www.denktaktik.at\/liebeg_dev\/wp-content\/uploads\/2023\/09\/logoliebeg.svg\",\"width\":893,\"height\":325,\"caption\":\"www.liebeg.at\"},\"image\":{\"@id\":\"https:\/\/www.denktaktik.at\/liebeg_dev\/#\/schema\/logo\/image\/\"},\"sameAs\":[\"https:\/\/www.facebook.com\/p\/Liebeg-innovate-IT-100060705684739\/\",\"https:\/\/www.instagram.com\/liebigbuerotechnik\/\"]}]}<\/script>\n<!-- \/ Yoast SEO plugin. -->","yoast_head_json":{"title":"Datenschutzerkl\u00e4rung - www.liebeg.at","robots":{"index":"index","follow":"follow","max-snippet":"max-snippet:-1","max-image-preview":"max-image-preview:large","max-video-preview":"max-video-preview:-1"},"canonical":"https:\/\/www.denktaktik.at\/liebeg_dev\/datenschutzerklaerung\/","og_locale":"de_DE","og_type":"article","og_title":"Datenschutzerkl\u00e4rung - www.liebeg.at","og_description":"23.11.2023 Datenschutzerkl\u00e4rung Der Schutz Ihrer pers\u00f6nlichen Daten ist uns ein besonderes Anliegen. Wir verarbeiten Ihre Daten daher ausschlie\u00dflich auf Grundlage der gesetzlichen Bestimmungen (DSGVO, TKG 2003). In diesen Datenschutzinformationen informieren wir Sie \u00fcber die wichtigsten Aspekte der Datenverarbeitung im Rahmen unserer Website. Kontakt mit uns Wenn Sie per Formular auf der Website oder per E-Mail [&hellip;]","og_url":"https:\/\/www.denktaktik.at\/liebeg_dev\/datenschutzerklaerung\/","og_site_name":"www.liebeg.at","article_publisher":"https:\/\/www.facebook.com\/p\/Liebeg-innovate-IT-100060705684739\/","article_modified_time":"2024-02-26T14:12:13+00:00","twitter_card":"summary_large_image","twitter_misc":{"Gesch\u00e4tzte Lesezeit":"5\u00a0Minuten"},"schema":{"@context":"https:\/\/schema.org","@graph":[{"@type":"WebPage","@id":"https:\/\/www.denktaktik.at\/liebeg_dev\/datenschutzerklaerung\/","url":"https:\/\/www.denktaktik.at\/liebeg_dev\/datenschutzerklaerung\/","name":"Datenschutzerkl\u00e4rung - www.liebeg.at","isPartOf":{"@id":"https:\/\/www.denktaktik.at\/liebeg_dev\/#website"},"datePublished":"2023-09-18T07:43:30+00:00","dateModified":"2024-02-26T14:12:13+00:00","breadcrumb":{"@id":"https:\/\/www.denktaktik.at\/liebeg_dev\/datenschutzerklaerung\/#breadcrumb"},"inLanguage":"de","potentialAction":[{"@type":"ReadAction","target":["https:\/\/www.denktaktik.at\/liebeg_dev\/datenschutzerklaerung\/"]}]},{"@type":"BreadcrumbList","@id":"https:\/\/www.denktaktik.at\/liebeg_dev\/datenschutzerklaerung\/#breadcrumb","itemListElement":[{"@type":"ListItem","position":1,"name":"Startseite","item":"https:\/\/www.denktaktik.at\/liebeg_dev\/"},{"@type":"ListItem","position":2,"name":"Datenschutzerkl\u00e4rung"}]},{"@type":"WebSite","@id":"https:\/\/www.denktaktik.at\/liebeg_dev\/#website","url":"https:\/\/www.denktaktik.at\/liebeg_dev\/","name":"www.liebeg.at","description":"innovateIT","publisher":{"@id":"https:\/\/www.denktaktik.at\/liebeg_dev\/#organization"},"potentialAction":[{"@type":"SearchAction","target":{"@type":"EntryPoint","urlTemplate":"https:\/\/www.denktaktik.at\/liebeg_dev\/?s={search_term_string}"},"query-input":"required name=search_term_string"}],"inLanguage":"de"},{"@type":"Organization","@id":"https:\/\/www.denktaktik.at\/liebeg_dev\/#organization","name":"www.liebeg.at","url":"https:\/\/www.denktaktik.at\/liebeg_dev\/","logo":{"@type":"ImageObject","inLanguage":"de","@id":"https:\/\/www.denktaktik.at\/liebeg_dev\/#\/schema\/logo\/image\/","url":"https:\/\/www.denktaktik.at\/liebeg_dev\/wp-content\/uploads\/2023\/09\/logoliebeg.svg","contentUrl":"https:\/\/www.denktaktik.at\/liebeg_dev\/wp-content\/uploads\/2023\/09\/logoliebeg.svg","width":893,"height":325,"caption":"www.liebeg.at"},"image":{"@id":"https:\/\/www.denktaktik.at\/liebeg_dev\/#\/schema\/logo\/image\/"},"sameAs":["https:\/\/www.facebook.com\/p\/Liebeg-innovate-IT-100060705684739\/","https:\/\/www.instagram.com\/liebigbuerotechnik\/"]}]}},"_links":{"self":[{"href":"https:\/\/www.denktaktik.at\/liebeg_dev\/wp-json\/wp\/v2\/pages\/3","targetHints":{"allow":["GET"]}}],"collection":[{"href":"https:\/\/www.denktaktik.at\/liebeg_dev\/wp-json\/wp\/v2\/pages"}],"about":[{"href":"https:\/\/www.denktaktik.at\/liebeg_dev\/wp-json\/wp\/v2\/types\/page"}],"author":[{"embeddable":true,"href":"https:\/\/www.denktaktik.at\/liebeg_dev\/wp-json\/wp\/v2\/users\/1"}],"replies":[{"embeddable":true,"href":"https:\/\/www.denktaktik.at\/liebeg_dev\/wp-json\/wp\/v2\/comments?post=3"}],"version-history":[{"count":23,"href":"https:\/\/www.denktaktik.at\/liebeg_dev\/wp-json\/wp\/v2\/pages\/3\/revisions"}],"predecessor-version":[{"id":729,"href":"https:\/\/www.denktaktik.at\/liebeg_dev\/wp-json\/wp\/v2\/pages\/3\/revisions\/729"}],"wp:attachment":[{"href":"https:\/\/www.denktaktik.at\/liebeg_dev\/wp-json\/wp\/v2\/media?parent=3"}],"curies":[{"name":"wp","href":"https:\/\/api.w.org\/{rel}","templated":true}]}}